{"id":103,"date":"2021-10-27T16:41:06","date_gmt":"2021-10-27T14:41:06","guid":{"rendered":"https:\/\/www-2021.scienzenutrizione.uniroma2.it\/?page_id=103"},"modified":"2024-04-18T16:29:05","modified_gmt":"2024-04-18T14:29:05","slug":"criteri-laurea","status":"publish","type":"page","link":"https:\/\/www-2021.scienzenutrizione.uniroma2.it\/?page_id=103","title":{"rendered":"Criteri Laurea"},"content":{"rendered":"\n<hr class=\"wp-block-separator has-text-color has-vivid-red-color has-css-opacity has-vivid-red-background-color has-background is-style-wide\"\/>\n\n\n\n<p class=\"has-text-align-center has-vivid-red-color has-text-color has-large-font-size\"><strong>ATTENZIONE<\/strong><\/p>\n\n\n\n<p><em><strong>\u201cLa legge n. 475 del 1925 prevede a carico di chiunque presenti come propri studi, pubblicazioni o pi\u00f9 in generale lavori che siano opera di altri, nell\u2019ambito di esami o concorsi per il conferimento di lauree, la reclusione da tre mesi ad un anno\u201d.<\/strong><\/em>&nbsp;&nbsp;<\/p>\n\n\n\n<hr class=\"wp-block-separator has-text-color has-vivid-red-color has-css-opacity has-vivid-red-background-color has-background is-style-wide\"\/>\n\n\n\n<p>La prova finale consiste nella preparazione e dissertazione di una tesi\u00a0a carattere sperimentale o compilativa, anche in strutture esterne all\u2019Universit\u00e0. Sono autorizzate in casi di particolare complessit\u00e0 anche trattazioni\u00a0compilative di problemi emergenti. <br>La discussione della tesi avviene dinanzi ad una Commissione di esame, composta da docenti del Corso di Laurea, nominata dal Coordinatore 20-30 giorni prima della sessione di Laurea.<br><\/p>\n\n\n\n<p>Il Relatore deve essere un docente del Corso di studio. Il Relatore pu\u00f2 avvalersi della collaborazione di un correlatore. Il correlatore pu\u00f2 essere: <br>&#8211; un docente universitario, di ruolo o a contratto, anche di un altro Ateneo ancorch\u00e9 straniero; <br>&#8211; un tutor del CdS; <br>&#8211; un cultore della materia o un esperto esterno. <br>Il nome del Correlatore pu\u00f2 comparire sul frontespizio della tesi.<\/p>\n\n\n\n<p>La votazione finale \u00e8 espressa in centodecimi ed \u00e8 ritenuta positiva quando supera o \u00e8 uguale a 66\/110. Qualora si raggiunga il punteggio massimo, su proposta del Relatore, la Commissione esaminatrice all\u2019unanimit\u00e0 pu\u00f2 attribuire la lode.<\/p>\n\n\n\n<p>Il voto di laurea viene determinato come somma tra: i) media dei voti conseguiti negli esami curriculari, espressa in centodecimi; ii) voto attribuito dalla Commissione, tra 0 e 11 punti, successivamente alla discussione della tesi<\/p>\n\n\n\n<p>Il candidato deve presentarsi alla sessione di laurea con una copia cartacea della tesi ed esporre la tesi, dimostrando capacit\u00e0 di sintesi, di completezza e rispetto dei tempi assegnati (10 minuti + 5 minuti per rispondere ad eventuali quesiti posti dai membri della Commissione)<\/p>\n\n\n\n<p>Il voto attribuito dalla Commissione viene determinato sulla base dei seguenti criteri:<\/p>\n\n\n\n<ul class=\"wp-block-list\">\n<li>parere del Relatore e dell\u2019eventuale Correlatore<\/li>\n\n\n\n<li>completezza della tesi<\/li>\n\n\n\n<li>chiarezza nell\u2019esposizione<\/li>\n\n\n\n<li>capacit\u00e0 di sintesi e rispetto dei tempi assegnati<\/li>\n\n\n\n<li>padronanza dell\u2019argomento<\/li>\n\n\n\n<li>reale partecipazione del candidato alla ricerca<\/li>\n\n\n\n<li>punti per le lodi ottenute negli esami di profitto (0,25 punti per ogni lode)<\/li>\n\n\n\n<li>punti per la partecipazione a programmi di scambio internazionale:&nbsp;<br>1 punto per programmi con durata da 3 a 6 mesi<br>2 punti per programmi con durata superiore a 6 mesi<\/li>\n<\/ul>\n\n\n\n<p>Il voto complessivo viene arrotondato per eccesso o difetto al numero intero pi\u00f9 vicino. Il decimale 5 \u00e8 arrotondato al numero intero pi\u00f9 alto\u201d<\/p>\n\n\n\n<p><\/p>\n","protected":false},"excerpt":{"rendered":"<p>ATTENZIONE \u201cLa legge n. 475 del 1925 prevede a carico di chiunque presenti come propri studi, pubblicazioni o pi\u00f9 in generale lavori che siano opera di altri, nell\u2019ambito di esami o concorsi per il conferimento di lauree, la reclusione da<\/p>\n","protected":false},"author":1,"featured_media":0,"parent":0,"menu_order":0,"comment_status":"closed","ping_status":"closed","template":"","meta":{"footnotes":""},"class_list":["post-103","page","type-page","status-publish","hentry"],"_links":{"self":[{"href":"https:\/\/www-2021.scienzenutrizione.uniroma2.it\/index.php?rest_route=\/wp\/v2\/pages\/103","targetHints":{"allow":["GET"]}}],"collection":[{"href":"https:\/\/www-2021.scienzenutrizione.uniroma2.it\/index.php?rest_route=\/wp\/v2\/pages"}],"about":[{"href":"https:\/\/www-2021.scienzenutrizione.uniroma2.it\/index.php?rest_route=\/wp\/v2\/types\/page"}],"author":[{"embeddable":true,"href":"https:\/\/www-2021.scienzenutrizione.uniroma2.it\/index.php?rest_route=\/wp\/v2\/users\/1"}],"replies":[{"embeddable":true,"href":"https:\/\/www-2021.scienzenutrizione.uniroma2.it\/index.php?rest_route=%2Fwp%2Fv2%2Fcomments&post=103"}],"version-history":[{"count":22,"href":"https:\/\/www-2021.scienzenutrizione.uniroma2.it\/index.php?rest_route=\/wp\/v2\/pages\/103\/revisions"}],"predecessor-version":[{"id":3399,"href":"https:\/\/www-2021.scienzenutrizione.uniroma2.it\/index.php?rest_route=\/wp\/v2\/pages\/103\/revisions\/3399"}],"wp:attachment":[{"href":"https:\/\/www-2021.scienzenutrizione.uniroma2.it\/index.php?rest_route=%2Fwp%2Fv2%2Fmedia&parent=103"}],"curies":[{"name":"wp","href":"https:\/\/api.w.org\/{rel}","templated":true}]}}